onvert 1 (base 7) to base 2.
1
7 (base 15) to base 10
7
What is -74 (base 15) in base 2?
-1101101
What is 340 (base 8) in base 15?
ee
-4 (base 14) to base 13
-4
What is -4 (base 10) in base 14?
-4
Convert -31 (base 13) to base 14.
-2c
Convert -7 (base 15) to base 16.
-7
What is 3003 (base 4) in base 7?
366
What is -112 (base 4) in base 6?
-34
Convert -4 (base 5) to base 8.
-4
-3 (base 12) to base 15
-3
What is 0 (base 12) in base 14?
0
-3 (base 5) to base 14
-3
Convert -23 (base 11) to base 3.
-221
Convert -2 (base 15) to base 11.
-2
What is -34 (base 5) in base 12?
-17
-6 (base 13) to base 5
-11
What is 430 (base 6) in base 13?
c6
What is -340 (base 5) in base 7?
-164
10 (base 2) to base 12
2
Convert 11 (base 2) to base 8.
3
-4 (base 10) to base 12
-4
What is 1 (base 4) in base 11?
1
Convert 22222 (base 3) to base 4.
3302
What is -1 (base 11) in base 13?
-1
What is -138 (base 14) in base 16?
-f6
What is 4 (base 10) in base 6?
4
Convert -4 (base 13) to base 7.
-4
What is -c8 (base 15) in base 10?
-188
What is 210 (base 6) in base 12?
66
-11021 (base 3) to base 11
-a5
-30 (base 5) to base 3
-120
Convert -3 (base 12) to base 11.
-3
What is 2 (base 9) in base 15?
2
26 (base 7) to base 5
40
Convert -100 (base 3) to base 15.
-9
Convert -2 (base 11) to base 16.
-2
26 (base 10) to base 15
1b
-16 (base 10) to base 5
-31
4 (base 13) to base 7
4
3 (base 6) to base 15
3
What is 4 (base 15) in base 16?
4
What is 6 (base 7) in base 3?
20
40 (base 6) to base 10
24
What is 1 (base 16) in base 11?
1
7 (base 9) to base 10
7
23 (base 7) to base 12
15
1223 (base 6) to base 15
153
What is 5 (base 6) in base 5?
10
0 (base 4) to base 15
0
What is -1a (base 16) in base 11?
-24
-3 (base 15) to base 2
-11
Convert -22 (base 4) to base 2.
-1010
Convert 40 (base 8) to base 5.
112
What is -13 (base 5) in base 10?
-8
What is 1b (base 13) in base 16?
18
0 (base 6) to base 15
0
Convert -2 (base 13) to base 16.
-2
Convert 7 (base 14) to base 10.
7
What is -8 (base 10) in base 13?
-8
-1010 (base 4) to base 6
-152
-544 (base 6) to base 3
-21201
What is 13b (base 12) in base 7?
362
What is -10 (base 5) in base 10?
-5
-11 (base 12) to base 16
-d
6 (base 9) to base 11
6
What is 11 (base 2) in base 12?
3
Convert -14 (base 11) to base 3.
-120
What is 11 (base 2) in base 5?
3
Convert -1 (base 7) to base 6.
-1
112 (base 6) to base 11
40
Convert 42 (base 13) to base 6.
130
What is 21110 (base 3) in base 5?
1301
What is 1002 (base 3) in base 9?
32
-8 (base 14) to base 5
-13
11 (base 4) to base 8
5
What is -11 (base 3) in base 6?
-4
What is 35 (base 15) in base 14?
38
What is 1b (base 12) in base 14?
19
13 (base 5) to base 12
8
What is 3 (base 7) in base 12?
3
Convert -13 (base 15) to base 14.
-14
8 (base 9) to base 14
8
-40 (base 5) to base 7
-26
-110000 (base 2) to base 5
-143
-3 (base 9) to base 2
-11
Convert 2 (base 7) to base 6.
2
Convert -1111110 (base 2) to base 16.
-7e
What is 45 (base 13) in base 4?
321
What is -310 (base 5) in base 14?
-5a
Convert 6d (base 15) to base 3.
10211
Convert -42 (base 7) to base 16.
-1e
Convert -2 (base 11) to base 6.
-2
Convert -123 (base 10) to base 6.
-323
Convert -14 (base 11) to base 12.
-13
What is 6c (base 13) in base 8?
132
What is 2 (base 5) in base 2?
10
Convert 0 (base 13) to base 6.
0
Convert 17 (base 12) to base 8.
23
What is -36 (base 11) in base 8?
-47
4 (base 7) to base 3
11
5 (base 13) to base 11
5
Convert 101 (base 8) to base 5.
230
What is 100 (base 3) in base 6?
13
Convert 39 (base 16) to base 15.
3c
Convert -3 (base 8) to base 9.
-3
What is -3 (base 6) in base 7?
-3
1 (base 15) to base 10
1
Convert 3 (base 15) to base 5.
3
68 (base 14) to base 13
71
What is 1110 (base 3) in base 9?
43
-2 (base 14) to base 9
-2
Convert -211 (base 5) to base 16.
-38
What is -2 (base 14) in base 3?
-2
Convert -7f (base 16) to base 2.
-1111111
-2 (base 11) to base 9
-2
Convert 59 (base 10) to base 12.
4b
4 (base 12) to base 7
4
1 (base 14) to base 4
1
What is 45 (base 14) in base 9?
67
What is -3 (base 13) in base 16?
-3
What is -20 (base 8) in base 14?
-12
What is -3 (base 12) in base 6?
-3
-11 (base 6) to base 2
-111
Convert -2 (base 5) to base 11.
-2
-3 (base 12) to base 9
-3
What is -6 (base 13) in base 9?
-6
Convert -11 (base 2) to base 9.
-3
What is 10 (base 10) in base 16?
a
-6 (base 9) to base 6
-10
-30 (base 4) to base 11
-11
What is -f (base 16) in base 14?
-11
Convert -1 (base 2) to base 11.
-1
What is -2 (base 14) in base 5?
-2
What is 30 (base 4) in base 9?
13
What is -1 (base 3) in base 8?
-1
72 (base 11) to base 6
211
Convert -11 (base 5) to base 7.
-6
Convert -133 (base 8) to base 6.
-231
Convert 105 (base 12) to base 9.
175
-a (base 13) to base 16
-a
What is -14 (base 7) in base 13?
-b
-22 (base 7) to base 11
-15
Convert -444 (base 8) to base 10.
-292
Convert -176 (base 10) to base 14.
-c8
What is -6 (base 16) in base 8?
-6
Convert -15 (base 12) to base 10.
-17
What is 22 (base 7) in base 2?
10000
What is -24 (base 8) in base 5?
-40
Convert -1 (base 13) to base 4.
-1
What is -11 (base 2) in base 5?
-3
101 (base 2) to base 6
5
-421 (base 6) to base 16
-9d
Convert -3 (base 12) to base 7.
-3
What is 110010101 (base 2) in base 15?
1c0
What is -163 (base 7) in base 6?
-234
What is 0 (base 14) in base 7?
0
Convert 6 (base 7) to base 6.
10
Convert -1 (base 15) to base 9.
-1
-2c (base 15) to base 8
-52
4 (base 11) to base 16
4
What is 3 (base 5) in base 7?
3
2 (base 13) to base 10
2
74 (base 11) to base 8
121
Convert -31 (base 4) to base 9.
-14
What is 221 (base 5) in base 10?
61
What is -15 (base 12) in base 7?
-23
Convert 0 (base 13) to base 11.
0
-8 (base 15) to base 5
-13
Convert 15 (base 13) to base 12.
16
What is 31 (base 4) in base 15?
d
Convert 0 (base 13) to base 9.
0
-a (base 13) to base 9
-11
What is 4 (base 8) in base 7?
4
Convert 0 (base 11) to base 14.
0
Convert -1 (base 4) to base 14.
-1
What is -2 (base 12) in base 6?
-2
What is 35 (base 11) in base 6?
102
Convert -120 (base 4) to base 9.
-26
1a (base 15) to base 10
25
22 (base 11) to base 8
30
Convert -2 (base 6) to base 5.
-2
What is b0 (base 13) in base 4?
2033
What is 1 (base 11) in base 7?
1
What is -156 (base 8) in base 11?
-a0
Convert -4 (base 9) to base 2.
-100
Convert -124 (base 8) to base 2.
-1010100
-7a (base 14) to base 5
-413
-3 (base 9) to base 11
-3
What is 1 (base 15) in base 7?
1
0 (base 5) to base 11
0
Convert 1301 (base 4) to base 6.
305
What is -61 (base 8) in base 16?
-31
10000110 (base 2) to base 13
a4
-1 (base 13) to base 11
-1
Convert -175 (base 12) to base 10.
-233
-15 (base 6) to base 11
-10
4 (base 8) to base 3
11
26 (base 16) to base 12
32
Convert -1 (base 15) to base 2.
-1
1 (base 5) to base 13
1
42 (base 6) to base 13
20
40 (base 6) to base 16
18
What is 2 (base 7) in base 13?
2
What is -23 (base 6) in base 12?
-13
Convert -10000 (base 2) to base 15.
-11
What is 7 (base 13) in base 14?
7
Convert 1 (base 14) to base 2.
1
What is -210 (base 4) in base 3?
-1100
-11 (base 10) to base 2
-1011
39 (base 15) to base 8
66
-3 (base 8) to base 13
-3
-23 (base 6) to base 14
-11
What is 5 (base 9) in base 5?
10
What is -19 (base 13) in base 9?
-24
What is -2 (base 5) in base 12?
-2
What is -32 (base 15) in base 16?
-2f
What is -2 (base 13) in base 12?
-2
Convert 101000 (base 2) to base 14.
2c
Convert -4 (base 5) to base 16.
-4
Convert 44 (base 15) to base 4.
1000
What is 10 (base 2) in base 16?
2
8 (base 15) to base 8
10
Convert 3a (base 11) to base 7.
61
0 (base 7) to base 13
0
Convert 0 (base 4) to base 8.
0
Convert -2130 (base 4) to base 3.
-12210
-100001000 (base 2) to base 4
-10020
7 (base 14) to base 7
10
Convert -128 (base 9) to base 4.
-1223
Convert 1233 (base 4) to base 6.
303
What is 1000 (base 2) in base 16?
8
What is -e (base 15) in base 16?
-e
2022 (base 3) to base 12
52
-5 (base 12) to base 9
-5
What is -17 (base 13) in base 7?
-26
-2 (base 4) to base 6
-2
Convert 9 (base 15) to base 7.
12
What is 26 (base 16) in base 13?
2c
What is -142 (base 7) in base 4?
-1033
Convert -242 (base 6) to base 16.
-62
13 (base 5) to base 9
8
What is -1000000 (base 2) in base 6?
-144
What is -52 (base 7) in base 2?
-100101
Convert -95 (base 15) to base 2.
-10001100
110 (base 6) to base 11
39
Convert 45 (base 7) to base 11.
30
Convert 32 (base 4) to base 6.
22
